{"id":63,"date":"2025-12-23T09:57:51","date_gmt":"2025-12-23T09:57:51","guid":{"rendered":"https:\/\/bxphiataybadon.com\/index.php\/contact-us\/"},"modified":"2025-12-23T09:57:51","modified_gmt":"2025-12-23T09:57:51","slug":"contact-us","status":"publish","type":"page","link":"https:\/\/bxphiataybadon.com\/index.php\/contact-us\/","title":{"rendered":"Contact Us"},"content":{"rendered":"\n<div class=\"section-wrapper\" data-id=\"pIY1tK\"><section class=\"wp-block-gutenverse-section guten-element guten-section guten-pIY1tK layout-boxed align-stretch\"><div class=\"guten-container guten-column-gap-no\">\n<div class=\"wp-block-gutenverse-column guten-element guten-column guten-8QMeW9\"><div class=\"guten-column-wrapper\" data-id=\"8QMeW9\">\n<div class=\"section-wrapper\" data-id=\"psI9hh\"><section class=\"wp-block-gutenverse-section guten-element guten-section guten-psI9hh layout-boxed align-stretch\"><div class=\"guten-background-overlay\"><\/div><div class=\"guten-container guten-column-gap-no\">\n<div class=\"wp-block-gutenverse-column guten-element guten-column guten-3vOzOD\"><div class=\"guten-column-wrapper\" data-id=\"3vOzOD\">\n<div class=\"wp-block-gutenverse-image guten-element guten-image guten-zYFSFs\"><div class=\"guten-image-wrapper\"><img loading=\"lazy\" decoding=\"async\" class=\"gutenverse-image-box-filled\" src=\"https:\/\/bxphiataybadon.com\/wp-content\/uploads\/2025\/12\/Logo-web-scaled.png\" height=\"565\" width=\"2560\"\/><\/div><\/div>\n<\/div><\/div>\n\n\n\n<div class=\"wp-block-gutenverse-column guten-element guten-column guten-bBa2cp\"><div class=\"guten-column-wrapper\" data-id=\"bBa2cp\"><div id=\"guten-0Lamaj\" class=\"guten-element guten-nav-menu nav-menu break-point-tablet submenu-click-title \" data-item-indicator=\"fas fa-angle-down\" data-close-on-click=\"1\">\n\t\t\t<div class=\"gutenverse-hamburger-wrapper\">\n\t\t\t\t<button class=\"gutenverse-hamburger-menu\" aria-label=>\n\t\t\t\t\t<i aria-hidden=\"true\" class=\"gtn gtn-bars-solid\"><\/i>\n\t\t\t\t<\/button>\n\t\t\t<\/div>\n\t\t\t\n\t\t\t<div class=\"gutenverse-menu-wrapper\"><div class=\"gutenverse-menu-container\"><ul id=\"menu-1\" class=\"gutenverse-menu\"><li id=\"menu-item-37\" class=\"menu-item menu-item-type-custom menu-item-object-custom menu-item-home menu-item-37\"><a href=\"javascript:void(0);\" data-href=\"https:\/\/bxphiataybadon.com\/\">Trang ch\u1ee7<\/a><\/li>\n<li id=\"menu-item-38\" class=\"menu-item menu-item-type-custom menu-item-object-custom menu-item-38\"><a href=\"javascript:void(0);\" data-href=\"https:\/\/bxphiataybadon.com\/index.php\/about-us\/\">Gi\u1edbi thi\u1ec7u<\/a><\/li>\n<li id=\"menu-item-39\" class=\"menu-item menu-item-type-custom menu-item-object-custom menu-item-39\"><a href=\"javascript:void(0);\" data-href=\"https:\/\/bxphiataybadon.com\/index.php\/services\/\">D\u1ecbch v\u1ee5<\/a><\/li>\n<li id=\"menu-item-40\" class=\"menu-item menu-item-type-custom menu-item-object-custom menu-item-40\"><a href=\"javascript:void(0);\" data-href=\"https:\/\/bxphiataybadon.com\/index.php\/our-bus\/\">L\u1ecbch tr\u00ecnh xe<\/a><\/li>\n<li id=\"menu-item-44\" class=\"menu-item menu-item-type-custom menu-item-object-custom menu-item-44\"><a href=\"javascript:void(0);\" data-href=\"https:\/\/bxphiataybadon.com\/index.php\/faq\/\">C\u00e2u h\u1ecfi th\u01b0\u1eddng g\u1eb7p<\/a><\/li>\n<li id=\"menu-item-46\" class=\"menu-item menu-item-type-custom menu-item-object-custom menu-item-46\"><a href=\"javascript:void(0);\" data-href=\"https:\/\/bxphiataybadon.com\/index.php\/contact-us\/\">Li\u00ean h\u1ec7<\/a><\/li>\n<\/ul><\/div>\n\t\t\t\t<div>\n\t\t\t\t\t<div class=\"gutenverse-nav-identity-panel\">\n\t\t\t\t\t\t<div class=\"gutenverse-nav-site-title\">\n\t\t\t\t\t\t\t<a href=\"https:\/\/bxphiataybadon.com\" class=\"gutenverse-nav-logo\"><img decoding=\"async\" src=\"https:\/\/bxphiataybadon.com\/wp-content\/uploads\/2025\/12\/Logo-web-scaled.png\" alt=\"B\u1ebfn Xe Ph\u00eda T\u00e2y Ba \u0110\u1ed3n - \"><\/a>\n\t\t\t\t\t\t<\/div>\n\t\t\t\t\t\t<button class=\"gutenverse-close-menu\" aria-label=><i aria-hidden=\"true\" class=\"gtn gtn-times-solid\"><\/i><\/button>\n\t\t\t\t\t<\/div>\n\t\t\t\t<\/div>\n\t\t\t<\/div>\n\t\t<\/div><\/div><\/div>\n\n\n\n<div class=\"wp-block-gutenverse-column guten-element guten-column guten-UMfZvN hide-tablet hide-mobile\"><div class=\"guten-column-wrapper\" data-id=\"UMfZvN\">\n<div class=\"wp-block-gutenverse-icon guten-element guten-MTeodn guten-icon\"><span class=\"guten-icon-wrapper circle stacked\"><i class=\"fas fa-phone\"><\/i><\/span><\/div>\n\n\n\n<div class=\"guten-element guten-YJsOl7 guten-icon-box icon-position-undefined\"><div class=\"guten-icon-box-wrapper hover-from-left\"><div class=\"icon-box icon-box-body\"><h2 class=\"title\">Hotline<\/h2><p class=\"icon-box-description\">(+84) 81587 6218<\/p><\/div><\/div><\/div>\n<\/div><\/div>\n<\/div><\/section><\/div>\n<\/div><\/div>\n<\/div><\/section><\/div>\n\n\n\n<div class=\"section-wrapper\" data-id=\"Gddvrl\"><section class=\"wp-block-gutenverse-section guten-element guten-section guten-Gddvrl layout-boxed align-stretch\"><div class=\"guten-background-overlay\"><\/div><div class=\"guten-container guten-column-gap-default\">\n<div class=\"wp-block-gutenverse-column guten-element guten-column guten-oblZHB\"><div class=\"guten-column-wrapper\" data-id=\"oblZHB\">\n<div class=\"guten-element guten-advanced-heading guten-WZVVs6\"><div class=\"heading-section \"><h2 class=\"heading-title\"><span class=\"heading-title\"><\/span><span class=\"heading-focus\">Contact Us<\/span><\/h2><\/div><span class=\"heading-subtitle\">Lorem ipsum dolor sit amet, consectetur adipiscing elit. Ut elit tellus, luctus nec ullamcorper mattis, pulvinar dapibus leo.<\/span><\/div>\n<\/div><\/div>\n\n\n\n<div class=\"wp-block-gutenverse-column guten-element guten-column guten-PKnMer\"><div class=\"guten-column-wrapper\" data-id=\"PKnMer\">\n<div class=\"guten-element guten-icon-list guten-TVBXxO inline-icon-list\">\n<div class=\"guten-element guten-icon-list-item guten-aXUmLh\"><a id=\"guten-aXUmLh\"><span class=\"list-text no-icon\">Home<\/span><\/a><\/div>\n\n\n\n<div class=\"guten-element guten-icon-list-item guten-vRg557\"><a id=\"guten-vRg557\"><i class=\"gtn gtn-chevrons-right-line\"><\/i><span class=\"list-text \">Contact Us<\/span><\/a><\/div>\n<\/div>\n<\/div><\/div>\n<\/div><\/section><\/div>\n\n\n\n<div class=\"section-wrapper\" data-id=\"o4gZu2\"><section class=\"wp-block-gutenverse-section guten-element guten-section guten-o4gZu2 layout-boxed align-stretch\"><div class=\"guten-container guten-column-gap-default\">\n<div class=\"wp-block-gutenverse-column guten-element guten-column guten-hVEOhG\"><div class=\"guten-column-wrapper\" data-id=\"hVEOhG\">\n<form style=\"display:none\" class=\"guten-element guten-form-builder guten-mG5QsL\" data-form-id=\"879\">\n<div class=\"section-wrapper\" data-id=\"pOSldk\"><section class=\"wp-block-gutenverse-section guten-element guten-section guten-pOSldk layout-fullwidth align-stretch\"><div class=\"guten-container guten-column-gap-no\">\n<div class=\"wp-block-gutenverse-column guten-element guten-column guten-Jj779B\"><div class=\"guten-column-wrapper\" data-id=\"Jj779B\">\n<div class=\"guten-element guten-form-input-text guten-form-input guten-input-position-top guten-H291A4 hide-helper\"><div class=\"label-wrapper\"><label class=\"input-label\">Name<\/label><\/div><div class=\"main-wrapper\"><input data-validation=\"{&quot;type&quot;:&quot;text&quot;,&quot;required&quot;:false,&quot;validationType&quot;:&quot;none&quot;,&quot;validationWarning&quot;:&quot;Input Invalid&quot;}\" placeholder=\"Your Name\" name=\"your-name\" class=\"gutenverse-input gutenverse-input-text\" type=\"text\"\/><div class=\"validation-error\">Input Invalid<\/div><\/div><\/div>\n<\/div><\/div>\n\n\n\n<div class=\"wp-block-gutenverse-column guten-element guten-column guten-GFB268\"><div class=\"guten-column-wrapper\" data-id=\"GFB268\">\n<div class=\"guten-element guten-form-input-telp guten-form-input guten-input-position-top guten-nDnuK2 hide-helper\"><div class=\"label-wrapper\"><label class=\"input-label\">Phone Number<\/label><\/div><div class=\"main-wrapper\"><input data-validation=\"{&quot;type&quot;:&quot;telp&quot;,&quot;required&quot;:false,&quot;validationType&quot;:&quot;none&quot;,&quot;validationWarning&quot;:&quot;Input Invalid&quot;}\" placeholder=\"Your Phone Number\" name=\"input-phone\" class=\"gutenverse-input gutenverse-input-tel\" type=\"tel\" pattern=\"\\+[0-9]+[0-9\\s\\-]*\"\/><div class=\"validation-error\">Input Invalid<\/div><\/div><\/div>\n<\/div><\/div>\n<\/div><\/section><\/div>\n\n\n\n<div class=\"guten-element guten-form-input-email guten-form-input guten-input-position-top guten-qu2x8A hide-helper\"><div class=\"label-wrapper\"><label class=\"input-label\">Email<\/label><\/div><div class=\"main-wrapper\"><input data-validation=\"{&quot;type&quot;:&quot;email&quot;,&quot;required&quot;:false,&quot;validationType&quot;:&quot;none&quot;,&quot;validationWarning&quot;:&quot;Input Invalid&quot;}\" placeholder=\"Your Email\" name=\"input-email\" class=\"gutenverse-input gutenverse-input-email\" type=\"email\"\/><div class=\"validation-error\">Input Invalid<\/div><\/div><\/div>\n\n\n\n<div class=\"guten-element guten-form-input-text guten-form-input guten-input-position-top guten-Ac9zGS hide-helper\"><div class=\"label-wrapper\"><label class=\"input-label\">Subject<\/label><\/div><div class=\"main-wrapper\"><input data-validation=\"{&quot;type&quot;:&quot;text&quot;,&quot;required&quot;:false,&quot;validationType&quot;:&quot;none&quot;,&quot;validationWarning&quot;:&quot;Input Invalid&quot;}\" placeholder=\"Your Subject\" name=\"your-subject\" class=\"gutenverse-input gutenverse-input-text\" type=\"text\"\/><div class=\"validation-error\">Input Invalid<\/div><\/div><\/div>\n\n\n\n<div class=\"guten-element guten-form-input-textarea guten-form-input guten-input-position-top guten-JlNBlK hide-helper\"><div class=\"label-wrapper\"><label class=\"input-label\">Message<\/label><\/div><div class=\"main-wrapper\"><textarea data-validation=\"{&quot;type&quot;:&quot;textarea&quot;,&quot;required&quot;:false,&quot;validationType&quot;:&quot;none&quot;,&quot;validationWarning&quot;:&quot;Input Invalid&quot;}\" placeholder=\"Your Message\" name=\"input-textarea\" class=\"gutenverse-input gutenverse-input-text\"><\/textarea><div class=\"validation-error\">Input Invalid<\/div><\/div><\/div>\n\n\n\n<div class=\"guten-element guten-button-wrapper guten-submit-wrapper guten-Taik77\"><div class=\"form-notification\"><\/div><button class=\"guten-button gutenverse-input-submit guten-button-sm\" type=\"submit\"><span>Submit Button<\/span><\/button><div class=\"gutenverse-input-submit-loader\"><i class=\"fas fa-spinner fa-spin\"><\/i><\/div><\/div>\n<\/form>\n<\/div><\/div>\n\n\n\n<div class=\"wp-block-gutenverse-column guten-element guten-column guten-nEn9qf\"><div class=\"guten-column-wrapper\" data-id=\"nEn9qf\">\n<div class=\"guten-element guten-advanced-heading guten-yjS5un\"><div class=\"heading-section \"><h2 class=\"heading-title\"><span class=\"heading-title\"><\/span><span class=\"heading-focus\">Contact Us<\/span><\/h2><\/div><span class=\"heading-subtitle\">Get In Touch<\/span><\/div>\n\n\n\n<div class=\"guten-element gutenverse-text-editor guten-PLqEIS animated guten-element-hide desktop-fadeInRight\"><div class=\"text-content-inner\">\n<p><br>Lorem ipsum dolor sit amet, consectetur adipiscing elit, sed do eiusmod tempo incididunt ut labore et dolore magna aliqua. Ut enim ad minim veniam, quis nostrud exercitation ullamco laboris nisi ut aliquip<\/p>\n<\/div><\/div>\n\n\n\n<div class=\"guten-element guten-6p7aj5 guten-icon-box icon-position-left\"><div class=\"guten-icon-box-wrapper hover-from-left\"><div class=\"icon-box icon-box-header\"><div class=\"icon style-color\"><i class=\"gtn gtn-cityscape-light\"><\/i><\/div><\/div><div class=\"icon-box icon-box-body\"><h2 class=\"title\">Denpasar<\/h2><p class=\"icon-box-description\">Jl. Raya Puputan No 142, Denpasar<\/p><\/div><\/div><\/div>\n\n\n\n<div class=\"guten-element guten-UIyERO guten-icon-box icon-position-left\"><div class=\"guten-icon-box-wrapper hover-from-left\"><div class=\"icon-box icon-box-header\"><div class=\"icon style-color\"><i class=\"gtn gtn-apartment1-light\"><\/i><\/div><\/div><div class=\"icon-box icon-box-body\"><h2 class=\"title\">Badung<\/h2><p class=\"icon-box-description\">Jl. Sunset Road No.815, Kuta<\/p><\/div><\/div><\/div>\n\n\n\n<div class=\"guten-element guten-bWyc7v guten-icon-box icon-position-left\"><div class=\"guten-icon-box-wrapper hover-from-left\"><div class=\"icon-box icon-box-header\"><div class=\"icon style-color\"><i class=\"gtn gtn-phone-call-line\"><\/i><\/div><\/div><div class=\"icon-box icon-box-body\"><h2 class=\"title\">Call Us<\/h2><p class=\"icon-box-description\">(+62)81 250 3358<\/p><\/div><\/div><\/div>\n\n\n\n<div class=\"guten-element guten-ZKEvYd guten-icon-box icon-position-left\"><div class=\"guten-icon-box-wrapper hover-from-left\"><div class=\"icon-box icon-box-header\"><div class=\"icon style-color\"><i class=\"gtn gtn-envelope2-light\"><\/i><\/div><\/div><div class=\"icon-box icon-box-body\"><h2 class=\"title\">Email Information<\/h2><p class=\"icon-box-description\">support@domain.com<\/p><\/div><\/div><\/div>\n\n\n\n<div class=\"wp-block-gutenverse-divider guten-element guten-divider guten-AtpiA2\"><div class=\"guten-divider-wrapper\"><div class=\"guten-divider-default guten-divider-line guten-divider-regular\"><\/div><\/div><\/div>\n\n\n\n<h2 class=\"wp-block-gutenverse-heading guten-element guten-OlVRt7\">Follow Our Social Media<\/h2>\n\n\n\n<div class=\"guten-element guten-social-icons guten-abQwo8 square horizontal fill\">\n<div class=\"guten-element guten-social-icon guten-gU3dqZ facebook\"><a id=\"guten-gU3dqZ\" href=\"#\"><i class=\"fab fa-facebook-f\"><\/i><\/a><\/div>\n\n\n\n<div class=\"guten-element guten-social-icon guten-Xr4YGj twitter\"><a id=\"guten-Xr4YGj\" href=\"#\"><i class=\"fab fa-x-twitter\"><\/i><\/a><\/div>\n\n\n\n<div class=\"guten-element guten-social-icon guten-R7JYbe instagram\"><a id=\"guten-R7JYbe\" href=\"#\"><i class=\"fab fa-instagram\"><\/i><\/a><\/div>\n\n\n\n<div class=\"guten-element guten-social-icon guten-qUA9or link\"><a id=\"guten-qUA9or\" href=\"#\"><i class=\"fab fa-linkedin-in\"><\/i><\/a><\/div>\n\n\n\n<div class=\"guten-element guten-social-icon guten-adsQlj youtube\"><a id=\"guten-adsQlj\" href=\"#\"><i class=\"fab fa-youtube\"><\/i><\/a><\/div>\n<\/div>\n<\/div><\/div>\n<\/div><\/section><\/div>\n\n\n\n<div class=\"section-wrapper\" data-id=\"7StQXH\"><section class=\"wp-block-gutenverse-section guten-element guten-section guten-7StQXH layout-boxed align-stretch\"><div class=\"guten-container guten-column-gap-default\">\n<div class=\"wp-block-gutenverse-column guten-element guten-column guten-thIziQ\"><div class=\"guten-column-wrapper\" data-id=\"thIziQ\">\n<div class=\"guten-element gutenverse-maps guten-vlsKa1\"><iframe frameborder=\"0\" scrolling=\"no\" marginheight=\"0\" marginwidth=\"0\" src=\"https:\/\/maps.google.com\/maps?q=Jl.%20Raya%20Kuta%20No.21&amp;z=16&amp;t=m&amp;output=embed&amp;iwloc=near\" title=\"Jl. Raya Kuta No.21\"><\/iframe><\/div>\n<\/div><\/div>\n<\/div><\/section><\/div>\n\n\n\n<div class=\"section-wrapper\" data-id=\"aNb5CT\"><section class=\"wp-block-gutenverse-section guten-element guten-section guten-aNb5CT layout-boxed align-stretch\"><div class=\"guten-container guten-column-gap-default\">\n<div class=\"wp-block-gutenverse-column guten-element guten-column guten-zCYVLi\"><div class=\"guten-column-wrapper\" data-id=\"zCYVLi\">\n<div class=\"section-wrapper\" data-id=\"468yxg\"><section class=\"wp-block-gutenverse-section guten-element guten-section guten-468yxg layout-fullwidth align-stretch\"><div class=\"guten-container guten-column-gap-no\">\n<div class=\"wp-block-gutenverse-column guten-element guten-column guten-YYAfIi\"><div class=\"guten-column-wrapper\" data-id=\"YYAfIi\">\n<div class=\"wp-block-gutenverse-image guten-element guten-image guten-pDgM2D\"><div class=\"guten-image-wrapper\"><img loading=\"lazy\" decoding=\"async\" class=\"gutenverse-image-box-filled\" src=\"https:\/\/bxphiataybadon.com\/wp-content\/uploads\/2025\/12\/Logo-BXPT-Ba-Don-scaled.png\" height=\"1237\" width=\"2560\"\/><\/div><\/div>\n\n\n\n<div class=\"guten-element gutenverse-text-editor guten-vfOQ9D\"><div class=\"text-content-inner\">\n<p class=\"has-roboto-font-family\">trung t\u00e2m giao th\u00f4ng hi\u1ec7n \u0111\u1ea1i, \u0111i\u1ec3m k\u1ebft n\u1ed1i giao th\u00f4ng tr\u1ecdng y\u1ebfu gi\u1eefa c\u00e1c khu v\u1ef1c trong t\u1ec9nh v\u00e0 li\u00ean t\u1ec9nh, ph\u1ee5c v\u1ee5 h\u00e0nh kh\u00e1ch, nh\u00e0 xe, v\u00e0 c\u00e1c ho\u1ea1t \u0111\u1ed9ng d\u1ecbch v\u1ee5 v\u1eadn t\u1ea3i.<\/p>\n<\/div><\/div>\n\n\n\n<div class=\"guten-element guten-social-icons guten-H0Xi5c square horizontal fill\">\n<div class=\"guten-element guten-social-icon guten-4SxGFL facebook\"><a id=\"guten-4SxGFL\" href=\"#\"><i class=\"fab fa-facebook-f\"><\/i><\/a><\/div>\n\n\n\n<div class=\"guten-element guten-social-icon guten-BLhLdq youtube\"><a id=\"guten-BLhLdq\" href=\"#\"><i class=\"fab fa-youtube\"><\/i><\/a><\/div>\n<\/div>\n<\/div><\/div>\n\n\n\n<div class=\"wp-block-gutenverse-column guten-element guten-column guten-Gjhc3A\"><div class=\"guten-column-wrapper\" data-id=\"Gjhc3A\">\n<h4 class=\"wp-block-gutenverse-heading guten-element guten-VCVnBC\"><\/h4>\n\n\n\n<div class=\"guten-element guten-icon-list guten-kCbSPm\"><div class=\" list-wrapper \">\n<div class=\"guten-element guten-icon-list-item guten-qQOrWO\"><div class=\"list-divider\"><\/div><a id=\"guten-qQOrWO\" href=\"#\"><i class=\"fas fa-chevron-right\"><\/i><span class=\"list-text \">About Us<\/span><\/a><\/div>\n\n\n\n<div class=\"guten-element guten-icon-list-item guten-RUbijq\"><div class=\"list-divider\"><\/div><a id=\"guten-RUbijq\" href=\"#\"><i class=\"fas fa-chevron-right\"><\/i><span class=\"list-text \">Services<\/span><\/a><\/div>\n\n\n\n<div class=\"guten-element guten-icon-list-item guten-k44QUq\"><div class=\"list-divider\"><\/div><a id=\"guten-k44QUq\" href=\"#\"><i class=\"fas fa-chevron-right\"><\/i><span class=\"list-text \">Projects<\/span><\/a><\/div>\n\n\n\n<div class=\"guten-element guten-icon-list-item guten-iYUZZj\"><div class=\"list-divider\"><\/div><a id=\"guten-iYUZZj\" href=\"#\"><i class=\"fas fa-chevron-right\"><\/i><span class=\"list-text \">Pricing<\/span><\/a><\/div>\n\n\n\n<div class=\"guten-element guten-icon-list-item guten-GoEEx1\"><div class=\"list-divider\"><\/div><a id=\"guten-GoEEx1\" href=\"#\"><i class=\"fas fa-chevron-right\"><\/i><span class=\"list-text \">Contact<\/span><\/a><\/div>\n<\/div><\/div>\n<\/div><\/div>\n\n\n\n<div class=\"wp-block-gutenverse-column guten-element guten-column guten-ppXi4V\"><div class=\"guten-column-wrapper\" data-id=\"ppXi4V\">\n<h4 class=\"wp-block-gutenverse-heading guten-element guten-6Rhm5r\">G\u00f3p \u00fd &#8211; Khi\u1ebfu n\u1ea1i &#8211; Y\u00eau c\u1ea7u h\u1ee3p t\u00e1c<\/h4>\n\n\n\n<div class=\"guten-element gutenverse-text-editor guten-SSgwzE\"><div class=\"text-content-inner\">\n<p class=\"has-roboto-font-family\"><strong>Ti\u1ebfp nh\u1eadn g\u00f3p \u00fd, ph\u1ea3n \u00e1nh v\u00e0 \u0111\u1ec1 xu\u1ea5t h\u1ee3p t\u00e1c, nh\u1eb1m kh\u00f4ng ng\u1eebng c\u1ea3i thi\u1ec7n ch\u1ea5t l\u01b0\u1ee3ng d\u1ecbch v\u1ee5 v\u00e0 tr\u1ea3i nghi\u1ec7m c\u1ee7a h\u00e0nh kh\u00e1ch.<\/strong><\/p>\n<\/div><\/div>\n\n\n\n<form style=\"display:none\" class=\"guten-element guten-form-builder guten-B6Hycc\" data-form-id=\"402\">\n<div class=\"guten-element guten-spacer guten-furMTc\"><\/div>\n<\/form>\n\n\n\n<p aria-label=\"Text Paragraph\" class=\"guten-element gutenverse-text guten-PzErJ5\"><strong>+84 928247788<\/strong><\/p>\n<\/div><\/div>\n<\/div><\/section><\/div>\n\n\n\n<div class=\"wp-block-gutenverse-divider guten-element guten-divider guten-CMs2HF\"><div class=\"guten-divider-wrapper\"><div class=\"guten-divider-default guten-divider-line guten-divider-regular\"><\/div><\/div><\/div>\n\n\n\n<div class=\"section-wrapper\" data-id=\"PKvLFX\"><section class=\"wp-block-gutenverse-section guten-element guten-section guten-PKvLFX layout-fullwidth align-stretch\"><div class=\"guten-container guten-column-gap-no\">\n<div class=\"wp-block-gutenverse-column guten-element guten-column guten-DiGYKx\"><div class=\"guten-column-wrapper\" data-id=\"DiGYKx\">\n<div class=\"guten-element gutenverse-text-editor guten-Key3xl\"><div class=\"text-content-inner\">\n<p><\/p>\n<\/div><\/div>\n<\/div><\/div>\n\n\n\n<div class=\"wp-block-gutenverse-column guten-element guten-column guten-2nOwor\"><div class=\"guten-column-wrapper\" data-id=\"2nOwor\">\n<div class=\"guten-element gutenverse-text-editor guten-YZ67Z0\"><div class=\"text-content-inner\">\n<p>Copyright \u00a9 2025. Easy Marketing.<\/p>\n<\/div><\/div>\n<\/div><\/div>\n<\/div><\/section><\/div>\n<\/div><\/div>\n<\/div><\/section><\/div>\n","protected":false},"excerpt":{"rendered":"","protected":false},"author":1,"featured_media":0,"parent":0,"menu_order":0,"comment_status":"closed","ping_status":"closed","template":"blank-canvas","meta":{"footnotes":""},"class_list":["post-63","page","type-page","status-publish","hentry"],"_links":{"self":[{"href":"https:\/\/bxphiataybadon.com\/index.php\/wp-json\/wp\/v2\/pages\/63","targetHints":{"allow":["GET"]}}],"collection":[{"href":"https:\/\/bxphiataybadon.com\/index.php\/wp-json\/wp\/v2\/pages"}],"about":[{"href":"https:\/\/bxphiataybadon.com\/index.php\/wp-json\/wp\/v2\/types\/page"}],"author":[{"embeddable":true,"href":"https:\/\/bxphiataybadon.com\/index.php\/wp-json\/wp\/v2\/users\/1"}],"replies":[{"embeddable":true,"href":"https:\/\/bxphiataybadon.com\/index.php\/wp-json\/wp\/v2\/comments?post=63"}],"version-history":[{"count":0,"href":"https:\/\/bxphiataybadon.com\/index.php\/wp-json\/wp\/v2\/pages\/63\/revisions"}],"wp:attachment":[{"href":"https:\/\/bxphiataybadon.com\/index.php\/wp-json\/wp\/v2\/media?parent=63"}],"curies":[{"name":"wp","href":"https:\/\/api.w.org\/{rel}","templated":true}]}}